hat is -232 - 272?
-514
In base 5, what is 11230 + -32?
11143
In base 10, what is 2 + 7980?
7982
In base 16, what is 535ba + 3?
535bd
In base 14, what is -2071 + -166?
-21d7
In base 9, what is 187 + -21?
166
In base 3, what is -120021110121 - -20?
-120021110101
In base 9, what is -22253 + 0?
-22253
In base 13, what is 7c - 692?
-613
In base 5, what is -1 - 32000011?
-32000012
In base 2, what is -10110000011010 + -100?
-10110000011110
In base 16, what is -13 - -1037?
1024
In base 2, what is 101 + -10110010011010001110?
-10110010011010001001
In base 10, what is 7 + -109634?
-109627
In base 12, what is 12064 + -a?
12056
In base 10, what is 0 + 41164?
41164
In base 6, what is 541421 + -24?
541353
In base 3, what is 2101 - -1001120?
1010221
In base 12, what is 0 - 2a9865?
-2a9865
In base 15, what is -1370 - -39?
-1336
In base 5, what is -432 + -22333?
-23320
In base 15, what is 15e - -c23?
d82
In base 3, what is -1022222 + -1111120?
-2211112
In base 3, what is -12 + 21121010101?
21121010012
In base 16, what is -1f + -1227?
-1246
In base 10, what is 3 - -177806?
177809
In base 11, what is -763 + -6a?
-822
In base 10, what is -16488 + -34?
-16522
In base 7, what is -10064130 - 4?
-10064134
In base 15, what is 3 + 326c7?
326ca
In base 6, what is 10 - 33322302?
-33322252
In base 13, what is -90221c + 3?
-902219
In base 15, what is -27ae2 - -3?
-27ade
In base 4, what is 332231323 + -2?
332231321
In base 5, what is -111 - -211320?
211204
In base 2, what is 0 + -11000111111000?
-11000111111000
In base 9, what is -1862 + 3833?
1861
In base 11, what is 7 - -2984?
2990
In base 16, what is -2912f + -1?
-29130
In base 4, what is 0 + 1133212?
1133212
In base 14, what is -11 - 5651?
-5662
In base 8, what is 6 + 17444?
17452
In base 14, what is -44a26 - -8?
-44a1c
In base 4, what is 120 - 23220302?
-23220122
In base 2, what is -1 + -100110010110000?
-100110010110001
In base 11, what is -237 - -1162?
a26
In base 5, what is 33 + -102200?
-102112
In base 8, what is 147517 + 1?
147520
In base 16, what is -17 - 630?
-647
In base 6, what is 142 + -500?
-314
In base 6, what is 0 - -404540?
404540
In base 4, what is -202 + 11303?
11101
In base 16, what is 0 - 1ec5c?
-1ec5c
In base 6, what is 1104354 + 2?
1104400
In base 5, what is 300 + -240413?
-240113
In base 9, what is 4468 + -63?
4405
In base 8, what is 20251 + 2?
20253
In base 4, what is -2 - -3200120?
3200112
In base 9, what is 361 - -784?
1255
In base 14, what is 746 - -15?
75b
In base 11, what is -3 - -109a6?
109a3
In base 13, what is 2c0c8 + -9?
2c0bc
In base 2, what is 1000000000000010000 + 0?
1000000000000010000
In base 16, what is -21 - -f1e?
efd
In base 8, what is 61 + 5704?
5765
In base 16, what is 5 + 137b3?
137b8
In base 15, what is -33 + -de?
-122
In base 6, what is -42023 - 115?
-42142
In base 14, what is 3d2 - 238?
198
In base 8, what is 3016256 + -4?
3016252
In base 14, what is -892 + 3?
-88d
In base 12, what is -1b61 + -17?
-1b78
In base 9, what is 5 + -233281?
-233275
In base 6, what is 2331120 + -33?
2331043
In base 9, what is 1 + 20332?
20333
In base 12, what is -637a + 47?
-6333
In base 10, what is 68 + 1535?
1603
In base 4, what is 2 + -1322021?
-1322013
In base 11, what is 182 + 1366?
1538
In base 6, what is 50100 - -103?
50203
In base 9, what is -2 - 58777?
-58780
In base 16, what is -62 + -33f?
-3a1
In base 3, what is 10 + -210101210?
-210101200
In base 12, what is -27 - -6ab?
684
In base 6, what is 14200350 - -4?
14200354
In base 15, what is -b27 + -4?
-b2b
In base 14, what is 132c + -1?
132b
In base 8, what is -4223035 - 0?
-4223035
In base 7, what is 15021 - 30?
14661
In base 14, what is -103 - 6c3?
-7c6
In base 14, what is 0 - 3127?
-3127
In base 15, what is 45e246 + -5?
45e241
In base 6, what is 45 - 100043?
-55554
In base 16, what is -7 - -99e4?
99dd
In base 5, what is 24104 - 32?
24022
In base 5, what is 122344 - -11?
122410
In base 11, what is -356 + 73?
-293
In base 11, what is -19488 - -5?
-19483
In base 2, what is -1110110011000001001 - -11?
-1110110011000000110
In base 14, what is 16 + -2d8?
-2c2
In base 15, what is -1a356 + -4?
-1a35a
In base 12, what is 36 + 20?
56
In base 12, what is 1a5 - 9?
198
In base 5, what is 12311201 + 11?
12311212
In base 8, what is -52 - -37163?
37111
In base 9, what is -1 - 45882?
-45883
In base 14, what is 15 - cd03?
-cccc
In base 10, what is 21399 + -1?
21398
In base 4, what is 201 + -1033?
-232
In base 5, what is 10 - -44313400?
44313410
In base 16, what is -2f136f - 2?
-2f1371
In base 10, what is -2 + 315879?
315877
In base 12, what is -1932 + -66?
-1998
In base 9, what is 36 - -150?
186
In base 4, what is 101 - 30100310?
-30100203
In base 12, what is -a5a7 + -21?
-a608
In base 12, what is -309 - -9?
-300
In base 6, what is 2040035 + 4?
2040043
In base 12, what is -23663 + 4?
-2365b
In base 16, what is -57 + 1fd?
1a6
In base 6, what is 2 - 15134124?
-15134122
In base 14, what is d7c - 18a?
bd2
In base 8, what is 2562521 - 6?
2562513
In base 8, what is 11461124 - 5?
11461117
In base 6, what is -15210 + 50?
-15120
In base 12, what is 4 + 198?
1a0
In base 5, what is -110313211 - -4?
-110313202
In base 3, what is 1011 + 1122121202?
1122122220
In base 15, what is 3 - -7371?
7374
In base 16, what is 26 - 879?
-853
In base 11, what is 30 - 20?
10
In base 7, what is 10 - 165646?
-165636
In base 16, what is 3a9 + 8?
3b1
In base 8, what is -5 + -23115?
-23122
In base 16, what is -1b6576 - -2?
-1b6574
In base 9, what is -202 - -175?
-16
In base 9, what is 604 + -55?
538
In base 7, what is -32 + -343123?
-343155
In base 9, what is -505 + 223?
-272
In base 14, what is -12 + 221b?
2209
In base 13, what is 213651 + 0?
213651
In base 7, what is 1106415 + -5?
1106410
In base 4, what is 1132101 - -2113?
1200220
In base 13, what is 164 + -7a6?
-642
In base 11, what is 62495 - 0?
62495
In base 15, what is -c + -1b7?
-1c4
In base 10, what is 136 + -1711?
-1575
In base 13, what is -7b6b + -34?
-7ba2
In base 14, what is 11988a + -1?
119889
In base 9, what is -17546 - 113?
-17660
In base 13, what is 27 - 1159?
-1132
In base 13, what is -3 - -1a637?
1a634
In base 6, what is -10322 + -2514?
-13240
In base 16, what is 4 + 4b75?
4b79
In base 10, what is 3 + -22949?
-22946
In base 15, what is 8 - 20a6c?
-20a64
In base 7, what is 3113 + 341?
3454
In base 2, what is 1110001001001 - 0?
1110001001001
In base 13, what is -5 - 9a92a?
-9a932
In base 16, what is -2 + 3ef?
3ed
In base 14, what is 473 - 7?
46a
In base 9, what is -1 + 487?
486
In base 14, what is -5191 - 4?
-5195
In base 12, what is 1 + -163492?
-163491
In base 4, what is -3113002 + 13?
-3112323
In base 4, what is -3030101 - -10?
-3030031
In base 10, what is -23 - -4290?
4267
In base 7, what is -300523 - -3?
-300520
In base 16, what is -5041 + 1d?
-5024
In base 8, what is -1774552 - 0?
-1774552
In base 16, what is -4de0c - 4?
-4de10
In base 15, what is 2345 + 14?
2359
In base 9, what is 337 + -437?
-100
In base 3, what is 11 - -2101210120?
2101210201
In base 12, what is 319a + -39?
3161
In base 10, what is 43478 + 14?
43492
In base 2, what is -11 + 101110011001010011001?
101110011001010010110
In base 10, what is 6 + -75080?
-75074
In base 10, what is -76 - -67?
-9
In base 14, what is -5 + 27ad4?
27acd
In base 16, what is -7a712 + 3?
-7a70f
In base 15, what is -74 + -d2?
-156
In base 15, what is -6 - -165d0?
165c9
In base 13, what is 16937 - -6?
16940
In base 6, what is -10153 + -120?
-10313
In base 12, what is 15380 - 1?
1537b
In base 11, what is -23a0 + 4?
-2397
In base 5, what is -4 - 30234332?
-30234341
In base 14, what is -3a48 - -2?
-3a46
In base 5, what is -30323 + 4?
-30314
In base 13, what is 5a - 195?
-138
In base 16, what is -16 - 990?
-9a6
In base 15, what is -c41 - -199?
-a97
In base 14, what is -15181 - 1?
-15182
In base 14, what is 30 + 5aa?
5da
In base 8, what is -722 - 6?
-730
In base 9, what is 270 - 67?
202
In base 14, what is -78d2 + d?
-78c3
In base 11, what is 7 + 284a?
2856
In base 2, what is 1 + 10011100101001111010?
10011100101001111011
In base 12, what is 4b37 - -1?
4b38
In base 11, what is 3 - -302?
305
In base 7, what is 14440 - 3?
14434
In base 8, what is 1541 + 6?
1547
In base 5, what is 4231 + -314?
3412
In base 9, what is 116 + 451?
567
In base 3, what is -120 - 111122020?
-111122210
